in base 14?
d
What is 19 (base 15) in base 11?
22
Convert -39 (base 15) to base 16.
-36
Convert 44 (base 7) to base 16.
20
What is -4 (base 5) in base 12?
-4
3 (base 11) to base 5
3
Convert -8 (base 10) to base 11.
-8
-1212 (base 5) to base 10
-182
31 (base 4) to base 16
d
What is -3 (base 6) in base 14?
-3
What is -131 (base 6) in base 10?
-55
Convert 6 (base 15) to base 10.
6
What is 111 (base 3) in base 9?
14
What is -1142 (base 5) in base 14?
-c4
What is -21 (base 16) in base 6?
-53
What is -1 (base 2) in base 13?
-1
What is 43 (base 14) in base 5?
214
3 (base 5) to base 4
3
1 (base 11) to base 3
1
-15 (base 6) to base 15
-b
What is 44 (base 9) in base 4?
220
What is 100011111 (base 2) in base 10?
287
-4b (base 12) to base 3
-2012
-3 (base 10) to base 3
-10
-116 (base 13) to base 2
-10111100
Convert -62 (base 13) to base 5.
-310
-2023 (base 4) to base 5
-1024
1010 (base 2) to base 7
13
Convert 3 (base 15) to base 7.
3
-2 (base 10) to base 14
-2
Convert 12 (base 5) to base 12.
7
What is 1 (base 4) in base 7?
1
What is 1 (base 4) in base 12?
1
Convert -101022 (base 3) to base 2.
-100010110
Convert -31 (base 9) to base 7.
-40
What is 10101101 (base 2) in base 13?
104
What is -1c (base 15) in base 5?
-102
-100001 (base 2) to base 3
-1020
-1b (base 16) to base 11
-25
What is -125 (base 9) in base 11?
-95
Convert -67 (base 11) to base 6.
-201
What is 4 (base 7) in base 12?
4
-111 (base 2) to base 9
-7
-137 (base 9) to base 5
-430
What is 1202 (base 5) in base 15?
bc
-3 (base 6) to base 13
-3
Convert -1221 (base 5) to base 14.
-d4
Convert 56 (base 9) to base 8.
63
What is -1 (base 12) in base 14?
-1
Convert -2 (base 10) to base 15.
-2
Convert -68 (base 12) to base 9.
-88
Convert -1 (base 14) to base 10.
-1
200 (base 3) to base 5
33
4 (base 7) to base 10
4
87 (base 12) to base 16
67
What is 30 (base 4) in base 6?
20
What is 121 (base 5) in base 15?
26
23 (base 6) to base 10
15
What is -10000011 (base 2) in base 8?
-203
Convert 42 (base 7) to base 13.
24
-3 (base 10) to base 3
-10
Convert 1 (base 11) to base 4.
1
What is -11 (base 7) in base 2?
-1000
-1102 (base 3) to base 13
-2c
What is -12 (base 12) in base 9?
-15
Convert 12 (base 14) to base 2.
10000
5 (base 8) to base 3
12
Convert -1 (base 12) to base 14.
-1
Convert -1 (base 14) to base 16.
-1
Convert 23 (base 15) to base 12.
29
Convert 124 (base 11) to base 8.
223
What is -22 (base 10) in base 14?
-18
-7 (base 9) to base 12
-7
1b4 (base 14) to base 12
256
Convert -3 (base 16) to base 5.
-3
Convert 3 (base 15) to base 7.
3
101 (base 2) to base 7
5
What is 87 (base 9) in base 3?
2221
Convert 26 (base 7) to base 2.
10100
-8 (base 11) to base 15
-8
What is 1112 (base 3) in base 9?
45
Convert -1000 (base 3) to base 4.
-123
22 (base 11) to base 12
20
What is a1 (base 16) in base 5?
1121
Convert -14 (base 10) to base 2.
-1110
Convert 35 (base 10) to base 14.
27
What is -33 (base 4) in base 9?
-16
1 (base 7) to base 5
1
What is b5 (base 13) in base 3?
12111
22 (base 4) to base 8
12
-321 (base 5) to base 12
-72
What is 4 (base 15) in base 7?
4
What is -12 (base 10) in base 13?
-c
What is 4 (base 10) in base 16?
4
-98 (base 12) to base 3
-11022
Convert 3 (base 7) to base 5.
3
What is -3 (base 14) in base 3?
-10
Convert -4 (base 9) to base 4.
-10
Convert 11011 (base 2) to base 15.
1c
Convert 40 (base 8) to base 13.
26
What is 13 (base 13) in base 12?
14
-149 (base 12) to base 9
-243
0 (base 2) to base 9
0
Convert -50 (base 7) to base 3.
-1022
What is -91 (base 13) in base 5?
-433
Convert -120 (base 3) to base 12.
-13
-3 (base 9) to base 5
-3
What is 36 (base 10) in base 8?
44
-4 (base 14) to base 8
-4
100 (base 5) to base 8
31
Convert 17 (base 9) to base 8.
20
Convert 29 (base 16) to base 6.
105
What is -3 (base 9) in base 16?
-3
-a (base 16) to base 14
-a
What is 301 (base 4) in base 5?
144
Convert -3 (base 9) to base 10.
-3
-118 (base 10) to base 4
-1312
What is -210 (base 3) in base 8?
-25
What is -234 (base 5) in base 4?
-1011
225 (base 7) to base 13
90
-10 (base 2) to base 5
-2
4f (base 16) to base 7
142
What is -41 (base 10) in base 6?
-105
Convert 111 (base 3) to base 6.
21
What is -44 (base 10) in base 15?
-2e
20 (base 12) to base 10
24
What is 64 (base 15) in base 3?
10111
-4 (base 6) to base 7
-4
Convert -2 (base 6) to base 9.
-2
What is 17 (base 8) in base 14?
11
What is -25 (base 9) in base 12?
-1b
49 (base 16) to base 3
2201
-100000 (base 3) to base 16
-f3
37 (base 11) to base 14
2c
Convert -212 (base 4) to base 3.
-1102
Convert 2d (base 16) to base 15.
30
What is 131 (base 5) in base 14?
2d
What is 12 (base 7) in base 15?
9
Convert -11 (base 5) to base 3.
-20
12 (base 8) to base 11
a
11 (base 5) to base 7
6
Convert -26 (base 13) to base 5.
-112
Convert 3 (base 10) to base 9.
3
What is 20 (base 4) in base 9?
8
-4 (base 11) to base 15
-4
What is 25 (base 9) in base 10?
23
What is 3 (base 9) in base 6?
3
Convert 101 (base 2) to base 11.
5
What is -10203 (base 4) in base 16?
-123
Convert 46 (base 8) to base 14.
2a
Convert 1000011 (base 2) to base 14.
4b
Convert -35 (base 12) to base 10.
-41
Convert 11 (base 5) to base 9.
6
Convert 12 (base 8) to base 16.
a
-26 (base 8) to base 13
-19
0 (base 2) to base 8
0
-99 (base 14) to base 10
-135
Convert -31 (base 4) to base 15.
-d
-138 (base 9) to base 7
-224
-4 (base 5) to base 9
-4
1 (base 2) to base 10
1
Convert 2 (base 11) to base 7.
2
Convert 222 (base 3) to base 6.
42
Convert -2 (base 5) to base 6.
-2
Convert -20001 (base 3) to base 15.
-ad
What is 4 (base 5) in base 7?
4
What is -4 (base 16) in base 2?
-100
10 (base 3) to base 15
3
Convert -24 (base 12) to base 4.
-130
What is 7 (base 15) in base 5?
12
-422 (base 6) to base 13
-c2
What is -101 (base 2) in base 5?
-10
What is 76 (base 16) in base 12?
9a
What is 10 (base 6) in base 12?
6
Convert -4 (base 11) to base 3.
-11
What is -1 (base 8) in base 14?
-1
Convert -11100110 (base 2) to base 5.
-1410
Convert 101 (base 3) to base 14.
a
What is 40 (base 12) in base 10?
48
What is -23 (base 16) in base 13?
-29
What is -11 (base 6) in base 12?
-7
Convert 12 (base 6) to base 14.
8
10100 (base 2) to base 8
24
2 (base 15) to base 3
2
2 (base 13) to base 15
2
What is -45 (base 6) in base 5?
-104
What is 2 (base 4) in base 7?
2
-442 (base 7) to base 8
-342
What is 1212 (base 4) in base 6?
250
What is -201 (base 7) in base 12?
-83
What is a0 (base 13) in base 7?
244
Convert 3 (base 13) to base 4.
3
Convert -1b (base 14) to base 5.
-100
Convert -3 (base 15) to base 11.
-3
Convert 26 (base 9) to base 8.
30
What is 3 (base 13) in base 8?
3
-2 (base 4) to base 9
-2
Convert 32 (base 15) to base 14.
35
-145 (base 9) to base 4
-1322
5 (base 6) to base 9
5
10 (base 7) to base 11
7
What is 11 (base 3) in base 10?
4
Convert -a (base 15) to base 6.
-14
Convert 3 (base 7) to base 14.
3
4 (base 6) to base 11
4
-86 (base 9) to base 3
-2220
What is -20 (base 6) in base 16?
-c
-32 (base 8) to base 12
-22
23 (base 4) to base 15
b
Convert 0 (base 10) to base 7.
0
Convert -100 (base 2) to base 14.
-4
Convert 10 (base 12) to base 11.
11
103 (base 5) to base 14
20
What is -7 (base 9) in base 15?
-7
What is 110100 (base 2) in base 6?
124
Convert -1 (base 10) to base 11.
-1
What is 3 (base 14) in base 2?
11
6 (base 8) to base 13
6
12 (base 7) to base 9
10
3 (base 7) to base 15
3
Convert 2 (base 3) to base 14.
2
-100 (base 3) to base 16
-9
Convert 136 (base 9) to base 15.
79
What is 4e (base 16) in base 7?
141
Convert 1 (base 11) to base 15.
1
20010 (base 3) to base 13
c9
11100 (base 2) to base 4
130
-8 (base 12) to base 8
-10
What is -6 (base 11) in base 4?
-12
What is -133 (base 11) in base 5?
-1112
Convert 122 (base 14) to base 15.
101
Convert -25 (base 9) to base 8.
-27
Convert 102 (base 4) to base 5.
33
10 (base 11) to base 8
13
-169 (base 13) to base 3
-100111
1 (base 14) to base 2
1
Convert -5 (base 16) to base 3.
-12
11 (base 5) to base 6
10
Convert 1 (base 13) to base 8.
1
-4 (base 12) to base 3
-11
Convert 1 (base 9) to base 15.
1
Convert 1001001 (base 2) to base 13.
58
Convert -44 (base 8) to base 11.
-33
1 (base 14) to base 2
1
-10001 (base 2) to base 4
-101
Convert 37 (base 12) to base 2.
101011
What is 6 (base 13) in base 6?
10
What is 87 (base 14) in base 11?
a9
Convert -2 (base 14) to base 2.
-10
What is 10010 (